*p - 4. Calculate i(-7).
-46
Let i(u) = -u**2 + 17*u + 4. Determine i(8).
76
Let z(r) = r**3 + 5*r**2 + 2*r + 5. Give z(-4).
13
Let n(a) = -3*a**2 - 23*a + 6. Give n(0).
6
Let w(p) = -13*p**2 + 10*p - 29. Determine w(3).
-116
Let g(o) = o**3 - 8*o**2 - 103*o + 10. Give g(-7).
-4
Let x(g) = 42*g - 119. Determine x(3).
7
Let k(o) = -o**2 + 15*o - 6. What is k(11)?
38
Let j(k) = -10*k + 153. Determine j(15).
3
Let k(w) = w**3 - 7*w**2 - 36*w + 61. What is k(10)?
1
Let f(h) = -h**3 + 11*h**2 - 11*h + 14. Determine f(10).
4
Let z(n) = 2*n - 9. What is z(3)?
-3
Let r(m) = 3*m**2 + 5*m - 3. Give r(-5).
47
Let q(g) = 7*g + 67. Calculate q(-9).
4
Let x(c) = c**2 + 4*c - 4. Determine x(-2).
-8
Let n(g) = 3*g**2 + 3*g - 3. Calculate n(1).
3
Let j(r) = -4*r + 66. Calculate j(17).
-2
Let z(x) = -2*x**2 - 20*x - 6. Calculate z(-10).
-6
Let v(y) = -2*y**3 - 18*y**2 - y - 13. Determine v(-9).
-4
Let z(b) = 9*b - 113. Give z(13).
4
Let x(o) = o**3 - 9*o**2 + o - 2. Give x(9).
7
Let x(a) = -3*a - 24. Calculate x(-7).
-3
Let w(x) = x**3 - 6*x**2 - 17*x - 3. Give w(8).
-11
Let m(z) = 7*z + 2. Determine m(-1).
-5
Let c(h) = 3*h**2 - 27*h + 8. Calculate c(10).
38
Let h(p) = p**3 - 13*p**2 + 23*p - 10. Calculate h(11).
1
Let k(s) = s**2 - 2*s - 9. What is k(5)?
6
Let n(a) = -a**3 + 7*a**2 - 12*a + 28. Determine n(4).
28
Let d(j) = -4*j. Determine d(1).
-4
Let p(k) = -2*k + 39. What is p(24)?
-9
Let c(q) = 5*q + 118. Give c(-24).
-2
Let c(g) = g**2 - 6*g + 26. Calculate c(5).
21
Let i(l) = l**3 - 12*l**2 + 15*l - 13. Determine i(11).
31
Let v(r) = -9*r - 2. Give v(-2).
16
Let q(k) = k**2 + 17*k + 14. Determine q(-11).
-52
Let i(b) = -b**2 - 15*b - 26. Determine i(-12).
10
Let g(v) = -v**2 + 40*v + 83. What is g(42)?
-1
Let q(v) = v + 20. Calculate q(-1).
19
Let p(f) = f**2 - 4. What is p(-3)?
5
Let l(f) = -f**3 - 1. What is l(-2)?
7
Let m(i) = -i**2 + i + 19. Determine m(0).
19
Let z(f) = 22*f. Give z(1).
22
Let p(o) = 13*o**2 + o. Give p(-1).
12
Let o(x) = -x**2 - 15*x + 14. Determine o(-16).
-2
Let j(i) = -i**2 - 11*i + 18. Give j(-14).
-24
Let h(y) = 2*y**2 + 6*y + 9. What is h(-5)?
29
Let n(v) = v**2 + 4*v + 9. Calculate n(-6).
21
Let w(x) = -x**3 - 6*x**2 - 4*x + 3. What is w(-4)?
-13
Let p(x) = 6*x**3 - 78*x**2 - 5*x + 14. Give p(13).
-51
Let k(i) = -7*i + 150. Calculate k(23).
-11
Let v(g) = g**2 - 3*g - 5. Calculate v(5).
5
Let k(b) = b + 2. What is k(-1)?
1
Let i(n) = -n + 15. Give i(21).
-6
Let b(a) = 12*a - 17. Calculate b(2).
7
Let r(n) = n**3 - 10*n**2 - 11*n + 8. Determine r(11).
8
Let m(b) = b**2 + 8*b - 11. Determine m(-9).
-2
Let j(y) = y**3 + 9*y**2 + 6*y - 7. Determine j(-8).
9
Let d(r) = r**3 + 20*r**2 + 4*r + 93. Determine d(-20).
13
Let m(p) = -p**2 + 12*p + 45. Determine m(-3).
0
Let o(j) = j + 15. Give o(-10).
5
Let a(f) = -2*f - 6. Calculate a(-15).
24
Let v(t) = t**3 + 5*t**2 - 2*t - 7. Calculate v(-6).
-31
Let k(x) = 9*x**3 + 1. What is k(-1)?
-8
Let p(b) = -b**2 + 8*b + 35. Determine p(11).
2
Let d(x) = -x - 24. What is d(-12)?
-12
Let v(h) = 2*h**3 + 17*h**2 - 9*h - 8. Calculate v(-8).
128
Let n(w) = -4*w**2 - 54*w + 52. What is n(1)?
-6
Let g(b) = b**2 - 29*b + 101. Determine g(29).
101
Let i(b) = b**3 + 3*b**2 - 8*b + 2. What is i(-4)?
18
Let c(g) = -11*g**3 + 2*g**2 + 4*g - 5. Calculate c(1).
-10
Let i(v) = 2*v**2 - 44*v - 12. What is i(22)?
-12
Let a(y) = -y**2 - 4*y - 1. Determine a(-5).
-6
Let n(t) = t**2 + 6*t - 2. Calculate n(-3).
-11
Let l(n) = n**2 + 13*n - 32. Give l(-16).
16
Let r(p) = -p**3 + 5*p**2 - p - 4. What is r(3)?
11
Let s(m) = 3*m + 24. Calculate s(-24).
-48
Let m(s) = -s**3 + 12*s**2 + 17*s - 7. Determine m(13).
45
Let r(z) = z - 3. Give r(-13).
-16
Let c(s) = 5*s + 7. What is c(-2)?
-3
Let r(z) = -z - 1. Calculate r(8).
-9
Let x(f) = -4*f + 46. What is x(10)?
6
Let c(n) = 5*n**2 - 17*n + 2. Give c(4).
14
Let i(a) = -a + 14. Determine i(8).
6
Let q(r) = -r**3 - 8*r**2 - 4*r + 8. Determine q(-7).
-13
Let s(g) = -g**2 - 16*g - 16. Give s(-12).
32
Let f(q) = -q**3 + 14*q**2 + 2*q - 7. Give f(15).
-202
Let c(l) = -l**2 - 2*l - 5. Determine c(5).
-40
Let z(f) = 13*f**3 - 4*f**2 + 7*f - 4. What is z(1)?
12
Let y(o) = -4*o + 13. What is y(2)?
5
Let i(h) = -6*h - 8. Calculate i(0).
-8
Let x(m) = 8*m + 336. Give x(-42).
0
Let g(w) = -w**3 + 2*w**2 + 3*w - 2. Calculate g(0).
-2
Let d(b) = -b**3 - 8*b**2 - 6*b - 2. What is d(-7)?
-9
Let q(g) = g**3 + 3*g**2 + 7*g + 7. Calculate q(-3).
-14
Let g(z) = 13*z**2 + 4*z + 4. Calculate g(-1).
13
Let x(p) = -p**2 - 6*p + 5. Give x(-7).
-2
Let t(g) = 3*g**2 + 18*g - 7. What is t(-6)?
-7
Let s(p) = -58*p**3 - 4*p**2 + 2*p + 1. Determine s(1).
-59
Let j(z) = -15*z - 18. What is j(-7)?
87
Let n(h) = -6*h - 1. Determine n(1).
-7
Let m(k) = 2*k**2 - 34*k + 4. Calculate m(14).
-80
Let u(q) = -q**3 + 5*q**2 - 3*q + 8. What is u(4)?
12
Let u(t) = -t**3 + 13*t**2 + 13*t + 10. What is u(14)?
-4
Let w(t) = t**3 + 4*t**2 - 15*t - 40. Give w(-3).
14
Let x(p) = p**2 + 3*p - 8. Give x(-4).
-4
Let i(v) = 24*v + 113. What is i(-5)?
-7
Let g(c) = -3*c**2 + c. Determine g(-3).
-30
Let x(m) = -m - 1. Calculate x(0).
-1
Let c(t) = 2*t**2 + 7*t + 41. Determine c(-9).
140
Let x(y) = 23*y**2 + 1. Calculate x(-1).
24
Let x(j) = 7*j - 68. Determine x(11).
9
Let k(d) = d**3 - 33*d**2 - 35*d + 18. Calculate k(34).
-16
Let a(d) = -d**3 + 8*d**2 + 8*d + 10. Determine a(9).
1
Let y(u) = u**3 - 3*u**2 - 10*u - 8. Give y(5).
-8
Let m(t) = -t**3 + 11*t**2 - 11*t + 14. What is m(10)?
4
Let g(b) = 11*b**3 - b**2 - 2*b - 2. Give g(-1).
-12
Let d(t) = -t**3 + 6*t**2 + 8*t - 7. What is d(6)?
41
Let k(q) = -q**2 - 11*q - 20. Calculate k(-6).
10
Let y(o) = -2*o**2 + 84*o + 83. Calculate y(43).
-3
Let i(s) = s**2 - 14*s + 35. Calculate i(10).
-5
Let h(v) = v - 26. Give h(-4).
-30
Let c(p) = -25*p + 68. Determine c(2).
18
Let s(m) = -18*m - 5. Determine s(5).
-95
Let v(d) = -2*d**3 + d**2 - 2*d + 2. What is v(1)?
-1
Let b(r) = -r + 9. Give b(14).
-5
Let a(t) = -4*t**3 - 2*t**2 + t + 2. Give a(-2).
24
Let j(r) = 6*r - 3. Calculate j(-6).
-39
Let y(g) = -g**2 + 34*g - 138. What is y(5)?
7
Let y(b) = -3*b - 35. What is y(-12)?
1
Let w(q) = -3*q + 3. Calculate w(9).
-24
Let u(t) = 2*t**2 + 1. Determine u(-1).
3
Let s(w) = w + 5. Give s(-8).
-3
Let g(m) = -m**2 + m + 1. Give g(0).
1
Let o(j) = -5*j - 33. What is o(-12)?
27
Let l(u) = -u**3 + 1. Give l(-2).
9
Let f(h) = -h**3 + 11*h**2 + 10. Determine f(11).
10
Let n(h) = h**2 + 9*h + 13. Determine n(-6).
-5
Let j(h) = -h - 8. Give j(-13).
5
Let a(d) = d + 17. What is a(15)?
32
Let a(v) = 2*v**2 - 52*v - 63. Determine a(26).
-63
Let r(c) = -21*c - 6. Give r(-2).
36
Let p(l) = -l**3 + 4*l**2 - 82. Calculate p(0).
-82
Let y(b) = b - 1. What is y(-8)?
-9
Let t(m) = m**2 + 17*m + 28. Give t(-15).
-2
Let l(y) = y**3 - y**2 - 18*y - 5. Determine l(5).
5
Let q(j) = 6*j**3 - 2*j**2 - j - 2. Give q(2).
36
Let s(o) = o**2 + 13*o - 18. Give s(-13).
-18
Let c(h) = h**3 - 12*h**2 - 10*h - 40. What is c(13)?
-1
Let b(g) = g**3 + 7*g**2 - 7*g + 11. Determine b(-8).
3
Let h(n) = -2*n**3 + 2*n**2 - n. Determine h(1).
-1
Let p(u) = -u**2 + 36*u - 94. Calculate p(33).
5
Let q(w) = 2*w**2 - 32*w + 113. Calculate q(11).
3
Let w(q) = -2*q**3 - 23*q**2 - 11*q - 2. What is w(-11)?
-2
Let d(z) = z**2 + 13*z - 15. What is d(-13)?
-15
Let u(k) = -42*k. Determine u(-1).
42
Let p(a) = 10*a**3 - a - 1. Give p(-1).
-10
Let l(w) = w**3 + 5*w**2 - 2*w + 2. Calculate l(-6).
-22
Let c(x) = -5*x + 8. Calculate c(8).
-32
Let d(z) = 2*z**2 + 48*z - 20. Calculate d(-23).
-66
Let b(i) = i - 3. What is b(4)?
1
Let n(t) = -t**2 - 8*t + 7. What is n(-8)?
7
Let n(m) = -m**2 + 9*m + 19. Determine n(-2).
-3
Let a(o) = o**3 - 8*o**2 + 6*o + 4. What is a(7)?
-3
Let a(g) = g**2 + 3*g + 7. Calculate a(-7).
35
Let r(u) = u**2 - 10*u - 21. Calculate r(8).
-37
Let k(m) = 11*m + 58. Give k(-5).
3
Let h(a) = 7*a**3 + 3*a**2 + 3*a - 3. Calculate h(-2).
-53
Let a(j) = -j**3 + 13*j**2 - 13*j + 16. Give a(12).
4
Let b(i) = i**2 - 42*i + 427. Determine b(24).
-5
Let c(r) = 3*r**2 - 61*r - 41. What is c(21)?
1
Let k(d) = 2*d**2 + 32*d + 52. Give k(-14).
-4
Let n(i) = -2*i - 28. Give n(-5).
-18
Let o(c) = c**3 - 4*c**2 - 10*c + 10. Determine o(6).
22
Let q(l) = -3*l**2 + 33*l + 20. Determine q(12).
-16
Let b(x) = x**3 + x**2 + 4*x + 5. Calc